 t?
9
What is the tens digit of (-100)/75 - (2 - 10627/3)?
3
Suppose 3*b = 47 + 34. Let a = b + -60. What is the units digit of 1 + -5 - -5 - a?
4
Let x(g) = 32*g + 7. Let n be x(9). Suppose 4*p - n = -p. Suppose p + 103 = 3*y. What is the tens digit of y?
5
Let p(z) = 15*z + 2*z**3 - 17*z + 4*z**3 + 2 + z**2. What is the units digit of p(1)?
7
Suppose -t + 3*v + 6 = 2*v, 0 = -4*t - 4*v + 8. What is the units digit of t?
4
Let m(x) = -2*x**2 - 232*x - 14. What is the tens digit of m(-22)?
2
Let o = 26 + -38. Let k = -11 - o. Let y(c) = 25*c**3 + c**2 - 2*c + 1. What is the units digit of y(k)?
5
Suppose k - 5 = 0, 5*p + 2*k = -2*k + 560. Suppose 0 = 2*j - 4*y - p, -5*y + 112 = -3*j + 278. What is the tens digit of j?
6
Let o(v) = -6*v + 151 + 7*v - 38 + 29. What is the tens digit of o(0)?
4
Suppose 4*h - 4392 = -1440. Suppose 0 = -5*l - 4*l + h. What is the tens digit of l?
8
Let w = -88 - -105. What is the units digit of 4*w - (-5 - (-5 + 1))?
9
Let v(u) = u**3 + u**2 + u + 2. Let o be v(2). Let g be (9/(-6))/((-6)/o). Suppose -124 = -4*r + g*l, -2*l + 0*l - 31 = -r. What is the tens digit of r?
3
Let i(q) = -q**3 - 7*q**2 - 41*q + 2. What is the units digit of i(-10)?
2
Suppose -3*n - 2*n + 4*b = -2313, 3*n - 4*b - 1391 = 0. What is the hundreds digit of n?
4
Suppose -4*p + 2*p + 5*g + 28 = 0, 5*p - 2*g = 70. What is the units digit of 1194/p - (-4)/(-14)?
5
Let k(i) = i**3 - 8*i**2 - i + 8. Let a be k(8). Let s be 2 - (-1 - (a + 6)). Let d(v) = v**3 - 9*v**2 + 5. What is the units digit of d(s)?
5
Let r(w) = 37*w**2 - 8*w - 26. What is the tens digit of r(-4)?
9
Suppose 2*d = 2*z - 8, -2*d - 3*z + z - 12 = 0. Let f = d - -82. What is the tens digit of f?
7
Let g = 24 - -8. Let c = g - 15. What is the tens digit of c?
1
Suppose 4*u = q + 15, -2*u - 5*q + 4 - 13 = 0. Let x(h) be the second derivative of h**5/10 - h**4/4 - h**3/6 - 3*h**2/2 + 3*h. What is the tens digit of x(u)?
2
Let z(q) = -15*q - 43. Let p be z(-3). Suppose -p*a = 0, -3*r + 91 - 13 = -a. What is the tens digit of r?
2
Suppose 7*q + 480 = 2286. Let o = q + -179. What is the tens digit of o?
7
Suppose -2*v = 5*m - 123 - 327, -3*m + 3*v = -249. Let o be 6/(-21) - m/(-14). Let r = o + 10. What is the tens digit of r?
1
Suppose 0 = -8*o + 754 + 2286. What is the hundreds digit of o?
3
Let r(i) = 5*i**2 - 2*i + 1. Let j be r(1). Let x = 9 - j. Suppose -m = 4*t - 1, -x*m - 3*t + 95 = -t. What is the units digit of m?
1
Let z(w) = -w**2 - 2*w - 3. Let d be z(-1). What is the tens digit of (-4410)/(-36) - 2/(-8)*d?
2
Let w(j) be the third derivative of j**5/30 + j**3/6 - 5*j**2. Let c be w(-1). What is the units digit of (3 + -6 - -23) + c?
3
Suppose -2*d - 80 = -6*d. Let y be 2/11 - d/110. Suppose -3*k + k + 16 = 2*w, y = -5*k + w + 52. What is the tens digit of k?
1
Let z = 168 - -448. What is the hundreds digit of z?
6
Suppose -21 = 5*u - 6. What is the tens digit of (-3)/(-9)*u*-74?
7
Suppose -3*l + 5*k = 1, -5*k = 2*l - k - 36. Let p = 91 - l. What is the tens digit of p?
8
Suppose 4*u + 28 = 11*u. Suppose u*d = 5*a + 91, d - a = 12 + 10. What is the units digit of d?
9
Suppose -3*z + 344 - 35 = 3*l, 0 = -l. Let i = z - 42. What is the tens digit of i?
6
Let f be 4 - ((-15)/5 - -7). Suppose 2*a - 4*l - 154 = f, 4*a - l + 2*l = 308. What is the tens digit of a?
7
Suppose -4*r = -5*i + 31, 0*r = 5*i + 2*r - 7. Suppose 0 = -h + i*h - 12. Suppose q + 3*j - 19 = 0, 57 = h*q - 3*q + 5*j. What is the units digit of q?
9
Let u = 12 + -8. Suppose -8 = 3*d + d - 3*h, -8 = -u*d - h. Suppose 3*t = p - 23, -5*p - d = -4*t - 127. What is the tens digit of p?
2
What is the tens digit of 138/(-23) - -1*483?
7
Let x be 126/15*1 - 6/(-10). Suppose 37 - x = p. What is the units digit of p?
8
Let v be -1*(-2)/(2/(-1)). Let w(s) = -9*s**3 + s. Let j be w(v). What is the tens digit of (j + -17)*(-8)/3?
2
Let h(v) = -4*v + v + 4*v - 3*v - 8. Let q be h(-4). Let l(a) = -a**2 + 49. What is the tens digit of l(q)?
4
Let w(o) be the first derivative of 3*o**2/2 + 10*o + 91. Suppose -2*r - 4*y - 10 = 0, -4*r = -7*r + 2*y + 25. What is the units digit of w(r)?
5
Suppose -19*b - 2 = -18*b. Let y be b - (-2)/(-2) - -11. Let d = 13 - y. What is the units digit of d?
5
Suppose 2*a = -2*a. Suppose 3*p = -2*p + 10. Suppose a = p*r - r - 32. What is the tens digit of r?
3
Let s(i) = -10*i**2 + 16*i**2 - i + 0 - 1 + 0*i**2. Let n = 2 - 3. What is the units digit of s(n)?
6
Suppose 16*z + 27 + 5 = 0. What is the tens digit of 585/(-78)*((-100)/(-3))/z?
2
Let y = -29 - -34. Suppose y*i = 7 + 68. What is the tens digit of -148*(i/(-6))/5?
7
Let k = 5 + -6. What is the units digit of (-40)/(-1) + k + 2?
1
Let o be 15 - 10 - 0/(-2). Suppose 6*y = o*y + 11. What is the tens digit of y?
1
Suppose -4*q - 8 = y, 6*y + 104 = 2*y + 2*q. What is the units digit of (-36)/(-8)*y/(-9)?
2
Let y(p) be the second derivative of 5*p**5/12 - p**4/24 - p**2/2 - 6*p. Let u(s) be the first derivative of y(s). What is the tens digit of u(-1)?
2
What is the hundreds digit of 30/(-40)*-324 - -6?
2
Let m(x) = 82*x - 376. What is the units digit of m(9)?
2
Let o(v) = 6*v**2 + 8*v. What is the tens digit of o(8)?
4
What is the tens digit of (-1 + -3 + 6 - -384)*4?
4
Let a = 331 + 113. What is the tens digit of a?
4
Suppose -2*r + 19 = 15. Let q(m) = 18*m. What is the units digit of q(r)?
6
Let m(d) = d**3 - 11*d**2 - 13*d - 20. Let p be m(15). Suppose 14*r - p = 9*r. What is the hundreds digit of r?
1
Let d = -8 - -14. Let g be (d - 4)*(-6)/(-3). Suppose -5*w - g*z = -92, z - 24 = -w + 3*z. What is the tens digit of w?
2
Let h(m) = 180*m**2 - 8*m - 8. What is the hundreds digit of h(-1)?
1
Let n(k) = 7*k**2 - 4*k - 8. Let s(h) = -h**2 + h + 1. Let p(q) = n(q) + 5*s(q). Let d be p(-4). Let x = d - 17. What is the units digit of x?
8
Suppose -5*k + 2*t = 130, -5*t + 135 = -5*k - 4*t. Let v = -1 - k. What is the units digit of (9 + -3)/3*v?
4
Let n(g) = -g**3 + 7*g**2 + 9*g - 6. Let w be n(8). Suppose 4*j = 2*z + 150, 0*z - 74 = -2*j + w*z. Let t = j - 30. What is the units digit of t?
8
Let p = -170 + 372. Suppose 3*u = 3*i - 630, -p = -i + 6*u - 7*u. What is the units digit of i?
6
Let h = -37 + -85. Let l be (3 - h/6)*3. Suppose 3*y = 5*t - l, 3 = -2*t - y - 4*y. What is the tens digit of t?
1
Let y(j) = -j**3 - 11*j**2 + 11. Let g be y(-13). Let m = 561 - g. What is the tens digit of m?
1
Let x(m) = m**3 + 5*m**2 - 5*m - 3. What is the hundreds digit of x(6)?
3
Let p(g) = g**2 - 3. Let j(h) = -2*h. Let x be -2*(12/(-4))/(-3). Let w be j(x). What is the units digit of p(w)?
3
Let g be (-55)/(-10) - (-1)/(-2). Suppose k = g + 26. What is the units digit of k?
1
Let y = -45 + 27. Let s = y + 54. Suppose 0 = -5*f - 2*i + 28 + s, -5*i = 2*f - 34. What is the units digit of f?
2
Let h = 12057 + -8247. What is the units digit of h?
0
Let l(w) be the third derivative of -7*w**4/24 + 4*w**3/3 - 3*w**2. What is the units digit of l(-3)?
9
Suppose -11*u + 19*u = 3000. What is the units digit of u?
5
Let z(t) = 2*t**2 - 44*t + 9. Let p be z(18). Let o = 15 - p. What is the hundreds digit of o?
1
Let j = -7 + -7. Let k = j + 43. What is the units digit of k?
9
What is the hundreds digit of (-16)/(-20)*150/(-36)*-87?
2
Let w(v) = 16*v - 110. What is the hundreds digit of w(29)?
3
Let i(z) = z**2 - z - 1. Let q(j) = 3*j**2 + 9*j + 8. Let y(s) = i(s) + q(s). What is the hundreds digit of y(4)?
1
What is the tens digit of (0 - -291)/((11/3)/11)?
7
Let d = -97 - -163. Let l = 11 + 35. Let z = d - l. What is the units digit of z?
0
Let l(g) = -6*g - 23. Let j be l(-8). What is the units digit of 582/5 + (-10)/j?
6
Let y(c) = 7*c**2 - 20*c + 172. What is the hundreds digit of y(6)?
3
Let m = -79 + 71. Let s = 48 - m. What is the tens digit of s?
5
Suppose -26*k = -35*k + 1314. What is the tens digit of k?
4
Suppose -15*r + 16*r - 5 = 0. Suppose 0 = 5*z - 5 - r. Suppose 4*y - w + 2 = 13, -22 = -3*y - z*w. What is the units digit of y?
4
Let l be 1 - 3/(3 - 0)*-1. What is the tens digit of l/(-8) - (-2116)/16?
3
Let f be 254/4*(-1 - -3). Suppose -5*n - f = -4*t + 215, 4*t + 2*n = 328. What is the units digit of t?
3
Suppose 5*r - 3*f = 15, 2*r + 3*f = -0*r - 15. Suppose r = 4*n + n - 20. Suppose -2*o + 6 - n = 0. What is the units digit of o?
1
Suppose -31 = 